?
53
Evaluate (-149 + 154 - (-26 + 1)) + -103.
-73
4 - 15 - (-4 + 11 - 10)
-8
What is 1 - -8 - (-59 + 87)?
-19
30 + (-24 - -33) + -24 - -37
52
Evaluate 12 + 0 + (22 + 8 - -18) + 19 - 2.
77
Calculate -5 - (7 + -2 + 1 + -6 + 5).
-10
What is the value of (2 - (4 + -2) - -2) + -79 + 79 + 28?
30
What is the value of (42 + 1 - (525 + -514)) + -2?
30
What is the value of 0 + 1 + -27 - (4676 + -4660)?
-42
-56 + 135 + -90 - (-8 + 10 + 1 + 0)
-14
-6 + -104 + -141 + 294
43
Calculate (0 - -1 - 1 - (1743 + -1751)) + -6 + -11.
-9
Evaluate -10 + -4 + 123 + (3 - -6 - 16).
102
What is the value of 5 - ((-1 - (-17 - -22)) + (2 - -2)) - 10?
-3
-4 - 4 - ((26 - 2 - (-87 - -81)) + -17)
-21
-5 - (6 + -32 + 23) - -25
23
What is the value of (-6 - -30) + (-82 - -2 - -9)?
-47
What is the value of -11 + 5 + 42 - (-11 - 12 - -22)?
37
What is (-7 + 3 - (2 + -18 - -4)) + -48?
-40
(-8 - (-13 + 83)) + 45
-33
-12 + (-165 - -212 - (-4 + -21))
60
Calculate -3 + -23 + -4 + 20 + -18.
-28
What is 30 - 0 - (22 - (-38 - -4) - 44)?
18
26 + (-20 - ((-10 - -57) + 25))
-66
What is the value of -65 - (17 - (-61 + 133))?
-10
Evaluate (4 - 3) + -406 + 456 + 1 + 10.
62
Evaluate 14 + -21 + (9 - 30).
-28
Evaluate (28 + -4 - (0 - -26)) + -11.
-13
43 + -87 + 17 - 15
-42
(-55 - (16 + -35 + 14) - -14) + -10
-46
Evaluate -5 + (7 - 9) + (-16 - 9).
-32
Evaluate -20 - (11 + -9 + -43) - (-10 - 0).
31
What is the value of (-394 - -612) + 8 + -120?
106
What is (-36 - (-31 + -20)) + 3 + -2 + 1?
17
What is (-26 - 0) + (271 - 196) - (1 - -3 - 1)?
46
Evaluate -2 - (2 - -1 - ((40 - 44) + 18)) - -44.
53
Evaluate (235 - 133 - 25) + 38.
115
4 + 3 + 5 + (24 - (118 + -65))
-17
What is -262 + 210 - (-12 + 1 - (8 + -10 + 1))?
-42
Calculate (2 - 6) + (113 + -82 - (23 - -10)).
-6
What is -155 - 7 - (-104 - (4 + -70))?
-124
What is (-26 - -26) + (-59 - -12)?
-47
What is -76 + 56 + -19 - -69?
30
Evaluate 1 + -2 + -1370 + 1292 + (-1 - -1 - 8).
-87
Calculate 358 + -381 - (5 + -20).
-8
What is 601 - 599 - (1 + 0 + -1) - -10?
12
Evaluate 95 + -100 + 2 - -13.
10
What is the value of 21 - (10 - (-16 - (11 - -6)))?
-22
What is the value of (22 - -5 - 9) + -38 + 54?
34
Evaluate 205 + -32 - (-218 + 262).
129
Evaluate -70 + (3 - -3) + -6 + 6 + -11 + 13.
-62
Evaluate (38 + -87 - -54) + -50.
-45
-4 - 17 - (35 - 86)
30
What is the value of (2 - 10) + 9 + -10 + 84?
75
What is -17 - 6 - ((-84 - -79) + 10 + 3)?
-31
Evaluate 89 - ((-111 - -77) + 72).
51
Calculate -69 + 2 + 44 + -33 + -1 - -10.
-47
Calculate (14 + 42 - 155) + (3 - 0) + -2.
-98
What is 5 + (34 - 5) + (12 - (5 - 7))?
48
-10 + -5 + 32 + -10 + -35
-28
Evaluate 5 + 12 + (24 - 78) - 3.
-40
Evaluate -4 + 20 + (-13 - (0 + -5 - -8)).
0
What is the value of 0 - -39 - (5819 + -5733)?
-47
176 + -181 + (-4 - 0 - 65) - (-2 - -15)
-87
What is 0 + 0 + (-2 - -6) + (1443 - 1525)?
-78
Evaluate -534 + 479 - (-33 - -1).
-23
Calculate 9 - (-2 + (-3 - 0) - (382 - 377)).
19
What is the value of -40 + 173 + -299 + 212?
46
-57 + (64 - -62 - 63)
6
What is the value of -28 - (-49 + 7 + -20 + 29)?
5
What is (-59 - (1 - 4)) + (-19 - (-26 - -4))?
-53
Evaluate (-253 - (239 - 410)) + -1 + -28.
-111
What is (-2 - -141) + -13 + 2 + (-181 - -165)?
112
Calculate -39 + -2 + 3 + (51 - 4) + (-55 - -12).
-34
What is 0 + -22 + (34 - (108 + -23))?
-73
14 - (10 + (7 + -27 - -6 - 2))
20
What is (69 - 16 - 67) + -37?
-51
Calculate (2 + (-18 + 7 - 4) - -4) + 6 - -44.
41
What is the value of (-53 + 13 - 25) + (8 - -13)?
-44
(64 - -9) + -46 - -16
43
Calculate 67 - ((77 - 109) + (4 - -16) - (-1 - 1)).
77
(408 - 403 - (-1 + 12)) + 0 + -1 + 94
87
Evaluate -39 - (-30 + 41 + -54).
4
What is -33 + 8 + (97 - 27) + 3?
48
What is -10 + (12 - (-36 - -31)) + 50?
57
What is the value of (10 - (22 + (-28 - -9))) + -19?
-12
What is the value of -68 + -6 + (108 - 46) + -24?
-36
What is the value of -18 + -2 - (-71 - -38) - 24 - (-15 - 0)?
4
What is (-8 - -23 - 40) + 14 - (-32 + -2)?
23
Evaluate 8 + -14 + 30 + (-45 - -85).
64
What is 17 - (-7 + 10 + -4 + 10)?
8
What is 0 - (13 + -6) - (74 - (-20 + 0))?
-101
What is (387 - 386) + ((-5 - 36) + 4 - (-3 - 3))?
-30
What is the value of 2 - (-11 - (-5 + 9 + (-12 - -26)))?
31
What is the value of -31 + 1 + 22 + (106 - 105)?
-7
Evaluate 6 - (1 + ((-61 - -2) + -2 + 0 - -1)).
65
Calculate ((-1 - 3) + (8 - 16) - -38) + -4.
22
What is (-12 - (14 - (-21 + 12 - -7))) + 2?
-26
What is 571 - 576 - (-8 - (106 - -7))?
116
Evaluate -5 + (-8 - -30 - 17 - -35) + 3.
38
Evaluate -24 - (3 + (3 - 4) + -329 + 346).
-43
What is -1 - -18 - ((108 - 37) + 7)?
-61
-12 + 19 - 41 - (-3 - (4 - (-4 - -5)))
-28
-15 + (-6 - 22 - (2 - (17 - 25)))
-53
What is -3 - (-48 - -2 - 2 - (37 + -20 - 18))?
44
4 - (-13 - -16) - (-4 + (9 - 10) - -119)
-113
What is -23 - ((48 - 135) + 41)?
23
Evaluate 37 + -55 + 27 + (-1 - 1) + 23.
30
What is the value of 81 + (-172 - 32) + (6 - -8)?
-109
Evaluate -9 + (-7 - -4) - (-290 + 305).
-27
Calculate -14 + 14 - (-21 + (51 - 6)).
-24
What is the value of (-44 - -4 - (-7 - -6)) + 19?
-20
Calculate -5 + 1 + -84 - (-98 - (103 + -213)).
-100
Evaluate 79 - (114 + (123 - 118)).
-40
Evaluate 19 + (-14 - (-39 + -34)) - ((3 - 5) + 2).
78
What is -12 + (-2 - -11 - (65 - (21 + -15)))?
-62
Calculate -2 + 12 - (36 + -32) - 54 - -13.
-35
Calculate -235 - ((125 - 59) + -205).
-96
Calculate -6982 + 6956 - (0 + 1 + 2 + 0).
-29
14 - 143 - -39 - -49
-41
(2 - -1) + 1 + (-10 - -4) + 6
4
Calculate -24 - -135 - ((-1 + -12 - 5) + -1).
130
Calculate 54 + 31 + 14 + -49.
50
What is the value of 16 + 0 - -6 - (27 - 8)?
3
(-58 + -11 - 23) + 54
-38
(68 - 115 - -46) + (3 - (-1 + -37))
40
Evaluate -16 - (0 + (5 - 14)) - 28.
-35
Calculate (129 - 8) + -56 - 8.
57
What is -5 + 16 - (-7 - (-2 + -91 + -17))?
-92
Calculate 17 + (-32 - -22) - -10 - 102.
-85
Calculate -126 + 12 + 77 - -19.
-18
What is the value of 16 - (46 + 6 + -18 + 21)?
-39
What is 3 + (7 - 1 - 3) + 301 + -300 + -9?
-2
What is the value of (-24 - 13) + -123 + 76 + 29?
-55
What is 1 + -5 - ((20 - (22 - 41)) + -33)?
-10
Evaluate -42 + (-4 - -7) + 5 + 1 + -10 + -3.
-46
Calculate -57 - (25 + -52) - 17.
-47
What is the value of -256 + 221 + -9 + 15?
-29
Calculate 28 + -23 + -57 - -37 - -21.
6
-1 - (23 - 35 - -36)
-25
-32 + 14 + 17 + (4 - -11) + -89
-75
Calculate 62 + (-104 - -28) + -2 + -27 + 1.
-42
Calculate 39 - (-22 + -26 + 4) - (-17 + 1).
99
Calculate (-10 + 15 - -1) + -7 + 5 + -3 + 7.
8
Calculate 0 + 25 + -45 + 73 + -50 - -31.
34
What is the value of -7 + (-1 + -72 + -1 - ((-56 - -120) + -68))?
-77
What is (-3 - 2) + 6 + (-2 - 9) - -36?
26
Evaluate 1 + 3 + (29 - (24 - -16)) - -47.
40
Evaluate 27 + -23 + (20 - 0) - (4 - -4).
16
15 - 62 - -29 - (4 - 2 - 0)
-20
What is -73 - (63 + -148 + -15)?
27
Evaluate (-3084 - -3095) + 7 + (0 + 1 - -1) + 0.
20
Calculate (-72 - -49) + -7 - (3 - 24).
-9
31999 + -32060 + 0 + 22 + 1
-38
-4 + -17 + 15 + 4 + 8 + 3 + 41
50
What is the value of -93 + (-44 - 26) + 108?
-55
What is the value of 1 + 48 + (-14 - (-45 - -40))?
40
What is 5 + -16 - (2 - (29 - -9) - 9)?
34
What is the value of 7 - (-4 - 22) - (337 - 223)?
-81
Calculate -4 - (1 - (-12 - (-4 - (30 + -3)))).
14
Calculate 63 - (5 - (12 + -17 + 10 + -10) - 18).
71
What is -9 - (6 + -1) - (39 + -54)?
1
What is 117 + -17 + -9 + (7 - 33)?
65
(168 + -233 - (-28 + 2)) + (-2 - 1)
-42
What is (58 - 160) + 2 + 57?
-43
Evaluate 0 + -6 + (15 - (9 - 9) - 1).
8
Evaluate (39 - -14) + -17 + 0.
36
Evaluate 0 + 73 + -89 + -33 + 3.
-46
Evaluate 10 - (219 - 103 - 96).
-10
What is (-40 - (-24 - -8)) + 0?
-24
What is -13 + (-5 - 3 - (8 - 19)) + 56?
46
What is the value of -17 + (-41 - -53) + 1 + 2 + -6?
-8
What is -37 - (106 + -110 + -3 + (0 - 2))?
-28
What is -3 + -39 + -5 + (-28 - (21 - 40))?
-56
94 - (60 + -60) - (-2 + 1 + 18 + -10)
87
Evaluate (14 + -38 - -14) + -24 + -4 + 14.
-24
(1 - 22) + (492 - 474) - -9
6
4 - -24 - (13 - (-24 - -36))
27
Calculate 3 + -44 + (-38 - -95) + -37.
-21
Calculate (14 - 34 - -50) + -34.
-4
What is -131 + 123 + (34 - 8)?
18
What is the value of (1 - 10) + -56 + 61 - (28 + -28) - -3?
-1
What is the value of 3 - (0 - 3) - (32 + 10 + -60)?
24
What is -88 - (-102 + -7 - -102)?
-81
Evaluate -17 + (678 + -683 - (0 + 1) - -19).
-4
Calculate 384 + -370 + 31 + 8.
53
Calculate 18 + 1 - (-47 + (35 - 13)).
44
What is -11 + -40 + 19 + 35 + (-27 - -3)?
-21
What is 77 + (14 + 6 